e?
False
Is 52859771 a prime number?
False
Is 51258157 composite?
False
Is 6883259 a composite number?
False
Is 16094467 a composite number?
False
Is 168663503 a composite number?
True
Is 1905359 a prime number?
True
Is 31179527 a prime number?
True
Is 46658419 a prime number?
False
Is 20821607 a prime number?
True
Is 34959707 a prime number?
True
Is 13549355 a composite number?
True
Is 2264027 prime?
True
Is 363494699 composite?
True
Is 45676921 prime?
True
Is 305666301 a prime number?
False
Is 269513 composite?
False
Is 1157147 prime?
False
Is 72434111 a prime number?
False
Is 14970599 prime?
False
Is 838997 a prime number?
False
Is 702929309 composite?
True
Is 45824199 a composite number?
True
Is 120253535 prime?
False
Is 1186770869 composite?
False
Is 20993843 a composite number?
True
Is 1487933 a composite number?
False
Is 2491787 a composite number?
False
Is 2418917 prime?
False
Is 380892647 a composite number?
False
Is 27179 prime?
True
Is 4431443 a composite number?
False
Is 27155787 prime?
False
Is 3155563 a composite number?
False
Is 19152106 composite?
True
Is 50162731 a prime number?
True
Is 602029 a composite number?
False
Is 8887409 prime?
False
Is 252868933 a composite number?
False
Is 727061 prime?
True
Is 6096341 composite?
True
Is 19641759 a prime number?
False
Is 2977613 composite?
True
Is 1083211 composite?
False
Is 385447483 prime?
True
Is 18440861 a composite number?
False
Is 531653 composite?
True
Is 906753577 a composite number?
True
Is 3471739 prime?
False
Is 827597 prime?
False
Is 7154257 composite?
True
Is 770446163 a prime number?
True
Is 81748333 a prime number?
False
Is 36261733 prime?
True
Is 104164773 prime?
False
Is 5188391 a prime number?
False
Is 1633101 a prime number?
False
Is 41306767 composite?
False
Is 9551041 prime?
False
Is 40873873 a composite number?
True
Is 487589 a prime number?
True
Is 536051 prime?
True
Is 328339117 a prime number?
True
Is 84917731 a composite number?
True
Is 12891587 a prime number?
True
Is 7104571 composite?
True
Is 42322121 prime?
False
Is 101924421 a prime number?
False
Is 5780755 prime?
False
Is 29339341 a composite number?
False
Is 18587927 a composite number?
True
Is 2398373 composite?
True
Is 36328639 composite?
False
Is 7080107 prime?
True
Is 1174684073 a prime number?
False
Is 3062405 composite?
True
Is 1509619 prime?
False
Is 285887762 a composite number?
True
Is 25978861 prime?
True
Is 1033517 composite?
False
Is 715613 prime?
True
Is 146787163 a prime number?
False
Is 9786583 a composite number?
True
Is 65475581 a prime number?
True
Is 15928393 a composite number?
True
Is 9514149 a composite number?
True
Is 1093553 prime?
True
Is 100181589 composite?
True
Is 16804681 prime?
False
Is 198427 prime?
True
Is 6346885 composite?
True
Is 2894781 prime?
False
Is 8948207 composite?
False
Is 1196471 prime?
True
Is 540730213 composite?
True
Is 57592443 a composite number?
True
Is 82576031 composite?
False
Is 2918351 a composite number?
False
Is 61620701 a prime number?
True
Is 3938485 composite?
True
Is 24160639 a composite number?
False
Is 1372121 a prime number?
False
Is 2248817 a composite number?
True
Is 132737795 a prime number?
False
Is 57936433 a composite number?
True
Is 22576733 prime?
False
Is 6870797 a composite number?
False
Is 423131 composite?
True
Is 22882063 a composite number?
True
Is 46447441 a composite number?
False
Is 69109 prime?
True
Is 9231353 a composite number?
True
Is 761963 composite?
False
Is 540623 a prime number?
False
Is 12774353 composite?
False
Is 47894147 a composite number?
True
Is 4305299 a composite number?
True
Is 49005463 a prime number?
False
Is 410081597 composite?
True
Is 2509133 composite?
True
Is 3359987 a composite number?
False
Is 11583319 a prime number?
False
Is 117513437 prime?
False
Is 102485869 a composite number?
True
Is 22379867 prime?
True
Is 6631321 a prime number?
True
Is 43376609 composite?
True
Is 15939389 a prime number?
False
Is 1157221 a composite number?
True
Is 178589878 composite?
True
Is 5506603 a prime number?
False
Is 735019 a composite number?
False
Is 376019 a prime number?
False
Is 22761745 a composite number?
True
Is 54667 a prime number?
True
Is 32904229 prime?
True
Is 37997129 a prime number?
True
Is 23158 a composite number?
True
Is 115018703 composite?
False
Is 9657331 a composite number?
False
Is 191629799 prime?
False
Is 633534071 prime?
True
Is 90866161 composite?
False
Is 426051733 prime?
True
Is 20455661 a prime number?
True
Is 17028533 a composite number?
True
Is 3179831 prime?
True
Is 538591 a composite number?
True
Is 303449 prime?
False
Is 3816334 a composite number?
True
Is 16866203 a composite number?
False
Is 45781819 composite?
False
Is 68729 a prime number?
True
Is 1521089 a prime number?
True
Is 15237043 a prime number?
True
Is 7069307 a composite number?
True
Is 19315141 composite?
True
Is 4456163 a prime number?
False
Is 26698753 composite?
True
Is 15763067 prime?
False
Is 28186189 a composite number?
False
Is 2738227 a prime number?
True
Is 24276331 a composite number?
True
Is 1880693 a prime number?
False
Is 173105861 a prime number?
False
Is 2988521 composite?
False
Is 7253237 prime?
False
Is 73259581 a prime number?
False
Is 2778739 a composite number?
False
Is 136293347 a composite number?
False
Is 213221471 a composite number?
False
Is 474580487 a prime number?
True
Is 1106663 prime?
False
Is 214018709 prime?
True
Is 34914433 prime?
False
Is 2785639 a prime number?
True
Is 3648179 prime?
True
Is 312365179 a composite number?
True
Is 13890959 prime?
True
Is 206048341 a prime number?
True
Is 196014929 a prime number?
False
Is 10169743 composite?
False
Is 436203023 composite?
False
Is 1705321 a composite number?
True
Is 9621457 a prime number?
False
Is 42945619 a composite number?
False
Is 13211381 prime?
True
Is 1773307 a composite number?
False
Is 15246481 a composite number?
False
Is 12816519 a composite number?
True
Is 32128337 composite?
True
Is 27515549 a prime number?
True
Is 8807917 a composite number?
False
Is 20801833 prime?
False
Is 1925207 prime?
False
Is 54923881 a prime number?
False
Is 26776423 a prime number?
True
Is 2545051 a composite number?
True
Is 18380233 prime?
True
Is 34226519 a prime number?
True
Is 79992491 a composite number?
False
Is 289937 a prime number?
True
Is 5060521 a prime number?
True
Is 3333503 a composite number?
True
Is 4309673 a prime number?
True
Is 123049 prime?
True
Is 97634917 prime?
False
Is 1037327 composite?
False
Is 4022159 prime?
False
Is 17515313 prime?
False
Is 211013521 prime?
False
Is 4477519 a prime number?
True
Is 308781287 composite?
True
Is 33152051 composite?
True
Is 5013751 a prime number?
True
Is 91864371 a composite number?
True
Is 15503209 composite?
False
Is 10427 a composite number?
False
Is 43653313 a prime number?
False
Is 109324697 composite?
False
Is 1062293 a prime number?
True
Is 45291089 prime?
True
Is 206768153 composite?
False
Is 335072513 a composite number?
False
Is 3885485 prime?
False
Is 14012683 a composite number?
False
Is 1101371 a composite number?
False
Is 566843 composite?
True
Is 48315061 a prime number?
False
Is 134399 prime?
True
Is 145227623 a composite number?
True
Is 801263503 prime?
True
Is 1870637 composite?
True
Is 1240573 composite?
True
Is 1197239 a prime number?
True
Is 74294023 prime?
False
Is 34324909 a prime number?
False
Is 605204029 composite?
True
Is 13967 prime?
True
Is 73618 prime?
False
Is 12989839 composite?
True
Is 689003 composite?
True
Is 3567813 a composite number?
True
Is 3908423 a composite number?
False
Is 144415723 prime?
True
Is 2979003 prime?
False
Is 973129 a prime number?
True
Is 3926239 composite?
True
Is 5965915 a composite number?
True
Is 34636003 prime?
True
Is 2728463 a composite number?
True
Is 1410217 prime?
True
Is 8052949 prime?
True
Is 5731405 composite?
True
Is 25205777 a prime number?
True
Is 485141 prime?
False
Is 23768167 prime?
False
Is 1117949 prime?
False
Is 23730619 a composite number?
True
Is 28601789 prime?
False
Is 317372933 prime?
False
Is 19705171 a prime number?
True
Is 465056701 a composite number?
False
Is 73982101 a composite number?
False
Is 4885753 a prime number?
True
Is 1187777 a composite number?
True
Is 3911977 composite?
False
Is 